igit of 9671?
7
What is the hundreds digit of 10846?
8
What is the hundreds digit of 337?
3
What is the units digit of 20790?
0
What is the hundreds digit of 643?
6
What is the thousands digit of 2704?
2
What is the thousands digit of 18286?
8
What is the ten thousands digit of 39598?
3
What is the hundreds digit of 33725?
7
What is the thousands digit of 56142?
6
What is the tens digit of 22110?
1
What is the units digit of 93930?
0
What is the ten thousands digit of 52949?
5
What is the thousands digit of 1518?
1
What is the hundreds digit of 4447?
4
What is the units digit of 1777?
7
What is the hundreds digit of 81770?
7
What is the units digit of 13806?
6
What is the units digit of 11411?
1
What is the hundreds digit of 467?
4
What is the units digit of 66?
6
What is the tens digit of 34030?
3
What is the units digit of 3143?
3
What is the hundreds digit of 890?
8
What is the units digit of 83247?
7
What is the units digit of 312?
2
What is the tens digit of 23994?
9
What is the hundreds digit of 1015?
0
What is the thousands digit of 27464?
7
What is the thousands digit of 17895?
7
What is the units digit of 4662?
2
What is the ten thousands digit of 17964?
1
What is the units digit of 5514?
4
What is the tens digit of 34117?
1
What is the hundreds digit of 4282?
2
What is the tens digit of 304?
0
What is the thousands digit of 21984?
1
What is the thousands digit of 28322?
8
What is the ten thousands digit of 15472?
1
What is the tens digit of 1632?
3
What is the thousands digit of 72065?
2
What is the units digit of 47486?
6
What is the tens digit of 579?
7
What is the tens digit of 2015?
1
What is the units digit of 3484?
4
What is the units digit of 319?
9
What is the units digit of 45337?
7
What is the hundreds digit of 3524?
5
What is the units digit of 33792?
2
What is the hundreds digit of 5593?
5
What is the thousands digit of 2390?
2
What is the units digit of 5686?
6
What is the tens digit of 450?
5
What is the ten thousands digit of 195564?
9
What is the units digit of 222?
2
What is the units digit of 739?
9
What is the tens digit of 40753?
5
What is the tens digit of 4682?
8
What is the tens digit of 878?
7
What is the units digit of 3087?
7
What is the thousands digit of 1456?
1
What is the units digit of 1137?
7
What is the units digit of 9527?
7
What is the thousands digit of 29918?
9
What is the thousands digit of 1122?
1
What is the units digit of 138026?
6
What is the units digit of 7544?
4
What is the tens digit of 11799?
9
What is the thousands digit of 2413?
2
What is the tens digit of 3526?
2
What is the thousands digit of 4423?
4
What is the tens digit of 3840?
4
What is the thousands digit of 2108?
2
What is the hundreds digit of 13197?
1
What is the tens digit of 16805?
0
What is the units digit of 806?
6
What is the units digit of 4746?
6
What is the tens digit of 83515?
1
What is the tens digit of 9472?
7
What is the ten thousands digit of 149639?
4
What is the tens digit of 3022?
2
What is the thousands digit of 3632?
3
What is the units digit of 623?
3
What is the tens digit of 91499?
9
What is the units digit of 13065?
5
What is the units digit of 3875?
5
What is the ten thousands digit of 47210?
4
What is the tens digit of 652?
5
What is the units digit of 8376?
6
What is the units digit of 2310?
0
What is the hundreds digit of 3041?
0
What is the thousands digit of 19493?
9
What is the thousands digit of 19524?
9
What is the units digit of 1471?
1
What is the ten thousands digit of 52928?
5
What is the tens digit of 64468?
6
What is the tens digit of 49535?
3
What is the thousands digit of 7341?
7
What is the units digit of 8550?
0
What is the units digit of 55176?
6
What is the thousands digit of 72300?
2
What is the hundreds digit of 3222?
2
What is the ten thousands digit of 19159?
1
What is the units digit of 2618?
8
What is the tens digit of 2081?
8
What is the units digit of 9754?
4
What is the units digit of 5409?
9
What is the units digit of 1468?
8
What is the thousands digit of 2929?
2
What is the tens digit of 5407?
0
What is the hundreds digit of 5784?
7
What is the units digit of 2109?
9
What is the hundreds digit of 815?
8
What is the units digit of 7258?
8
What is the thousands digit of 41715?
1
What is the hundred thousands digit of 134944?
1
What is the hundreds digit of 2546?
5
What is the thousands digit of 3105?
3
What is the units digit of 809?
9
What is the tens digit of 17274?
7
What is the hundreds digit of 71094?
0
What is the hundreds digit of 269?
2
What is the hundreds digit of 1091?
0
What is the units digit of 52203?
3
What is the hundreds digit of 1973?
9
What is the thousands digit of 2761?
2
What is the units digit of 2289?
9
What is the units digit of 1407?
7
What is the units digit of 955?
5
What is the tens digit of 637?
3
What is the tens digit of 16598?
9
What is the hundreds digit of 65344?
3
What is the hundreds digit of 2945?
9
What is the thousands digit of 1709?
1
What is the hundreds digit of 588?
5
What is the hundreds digit of 849?
8
What is the thousands digit of 16438?
6
What is the thousands digit of 2114?
2
What is the units digit of 65?
5
What is the thousands digit of 1975?
1
What is the units digit of 8245?
5
What is the ten thousands digit of 42613?
4
What is the units digit of 4269?
9
What is the ten thousands digit of 82932?
8
What is the tens digit of 95032?
3
What is the hundreds digit of 601?
6
What is the units digit of 7761?
1
What is the units digit of 1156?
6
What is the hundreds digit of 2927?
9
What is the tens digit of 9024?
2
What is the hundreds digit of 2679?
6
What is the thousands digit of 1544?
1
What is the hundreds digit of 41848?
8
What is the tens digit of 34260?
6
What is the tens digit of 169?
6
What is the units digit of 4242?
2
What is the tens digit of 88?
8
What is the thousands digit of 180402?
0
What is the thousands digit of 17884?
7
What is the units digit of 3851?
1
What is the tens digit of 67688?
8
What is the hundreds digit of 1822?
8
What is the hundreds digit of 10074?
0
What is the hundreds digit of 336?
3
What is the hundreds digit of 281?
2
What is the units digit of 22290?
0
What is the thousands digit of 30844?
0
What is the tens digit of 4944?
4
What is the tens digit of 14226?
2
What is the hundreds digit of 312?
3
What is the units digit of 13730?
0
What is the units digit of 959?
9
What is the units digit of 13411?
1
What is the tens digit of 125610?
1
What is the tens digit of 1887?
8
What is the hundreds digit of 539?
5
What is the units digit of 514?
4
What is the units digit of 6864?
4
What is the units digit of 8932?
2
What is the units digit of 94?
4
What is the thousands digit of 13898?
3
What is the tens digit of 197?
9
What is the thousands digit of 1600?
1
What is the units digit of 119?
9
What is the units digit of 2902?
2
What is the tens digit of 898?
9
What is the units digit of 20764?
4
What is the ten thousands digit of 10280?
1
What is the ten thousands digit of 17089?
1
What is the tens digit of 2792?
9
What is the hundreds digit of 2332?
3
What is the hundreds digit of 5286?
2
What is the units digit of 15896?
6
What is the hundreds digit of 54109?
1
What is the thousands digit of 61781?
1
What is the units digit of 58244?
4
What is the thousands digit of 1237?
1
What is the ten thousands digit of 74576?
7
What is the units digit of 1314?
4
What is the units digit of 69735?
5
What is the thousands digit of 6999?
6
What is the tens digit of 57379?
7
What is the hundreds digit of 27286?
2
What is the units digit of 1449?
9
What is the units digit of 821?
1
What is the tens digit of 1182?
8
What is the tens digit of 223?
2
What is the units digit of 5813?
3
What is the hundred thousands digit of 100200?
1
What is the hundreds digit of 4518?
5
What is the thousands digit of 28631?
8
What is the hundreds digit of 80628?
6
What is the tens digit of 346?
4
What is the tens digit of 688?
8
What is the units digit of 51287?
7
What is the hundreds digit of 1621?
6
What is the tens digit of 151?
5
What is the ten thousands digit of 14232?
1
What is the tens digit of 5361?
6
What is the tens digit of 2507?
0
What is the tens digit of 11419?
1
What is the units digit of 3?
3
What is the hundred